{"id":12509,"date":"2022-06-02T15:30:25","date_gmt":"2022-06-02T18:30:25","guid":{"rendered":"https:\/\/universomola.com\/?page_id=12509"},"modified":"2022-06-02T15:35:29","modified_gmt":"2022-06-02T18:35:29","slug":"mola-news-noticias-de-moda-sostenible","status":"publish","type":"page","link":"https:\/\/universomola.com\/en\/mola-news-noticias-de-moda-sostenible\/","title":{"rendered":"MOLA News Noticias de moda sostenible"},"content":{"rendered":"<div class=\"fusion-fullwidth fullwidth-box fusion-builder-row-1 fusion-flex-container nonhundred-percent-fullwidth non-hundred-percent-height-scrolling\" style=\"--awb-border-radius-top-left:0px;--awb-border-radius-top-right:0px;--awb-border-radius-bottom-right:0px;--awb-border-radius-bottom-left:0px;--awb-flex-wrap:wrap;\" ><div class=\"fusion-builder-row fusion-row fusion-flex-align-items-flex-start fusion-flex-content-wrap\" style=\"max-width:calc( 1200px + 0px );margin-left: calc(-0px \/ 2 );margin-right: calc(-0px \/ 2 );\"><div class=\"fusion-layout-column fusion_builder_column fusion-builder-column-0 fusion_builder_column_1_1 1_1 fusion-flex-column\" style=\"--awb-bg-size:cover;--awb-width-large:100%;--awb-margin-top-large:0px;--awb-spacing-right-large:0px;--awb-margin-bottom-large:0px;--awb-spacing-left-large:0px;--awb-width-medium:100%;--awb-spacing-right-medium:0px;--awb-spacing-left-medium:0px;--awb-width-small:100%;--awb-spacing-right-small:0px;--awb-spacing-left-small:0px;\"><div class=\"fusion-column-wrapper fusion-flex-justify-content-flex-start fusion-content-layout-column\"><div class=\"fusion-text fusion-text-1\"><p>Mola News paper buscar\u00e1 informar de diversos temas relacionados con la sostenibilidad, incluyendo los nuevos avances tecno sostenibles que est\u00e1n desarrollando las grandes industrias en pro del medio ambiente.<\/p>\n<p>El mundo de la moda esta dando pasos agigantados en el camino de la sostenibilidad y es por lo que el d\u00eda de hoy hablaremos de la Met gala 2022, tambi\u00e9n hablaremos de los dos dise\u00f1adores latinoamericanos que se encuentran entre los finalistas del Redress Design Award 2022. Adem\u00e1s, brindaremos informaci\u00f3n relacionada con nuestro evento <strong>MOLA Fashion Day<\/strong> pues est\u00e9 ya tiene fecha y Shein busca alejarse del \u201cFast Fashion\u201d con EvoluShein, una l\u00ednea de ropa sostenible.<\/p>\n<p>Por \u00faltimo, tenemos Bogot\u00e1 circular quien nace de una iniciativa de diferentes proyectos creada para consolidar la circularidad como una herramienta de apoyo para la construcci\u00f3n de una ciudad m\u00e1s sostenible.<\/p>\n<p><strong>Noticias # 1<\/strong><\/p>\n<p>Este a\u00f1o las estrellas m\u00e1s grandes de la noche dieron ajustes y puntadas a prendas \u00fanicas con car\u00e1cter e historia. El upcycling, la transformaci\u00f3n de prendas y el uso de prendas vintage, adornaron la noche. Para conocer m\u00e1s detalles de este importante evento <u><b style=\"color: rgba(23, 102, 214, 0.87);\"><a style=\"color: #1a3adb;\" href=\"https:\/\/www.youtube.com\/watch?v=h6I-mS_ZbA0&amp;ab_channel=UniversoMOLA\">darle clic aqu\u00ed.<\/a><\/b><\/u><\/p>\n<p><strong>Noticia # 2<\/strong><\/p>\n<p>Redress es una ONG que tiene la misi\u00f3n de promover la sustentabilidad ambiental en la industria de la moda mediante la reducci\u00f3n de los residuos textiles y promover la sostenibilidad.<\/p>\n<p>De entre 10 de los finalistas, este a\u00f1o dos dise\u00f1adores latinoamericanos han tenido el honor de ser nombrados en este evento de car\u00e1cter internacional. Ellos son:<\/p>\n<p><strong>Cris Miranda<\/strong><\/p>\n<p>present\u00f3 la colecci\u00f3n \u201cRe Collect\u201d. La propuesta est\u00e1 inspirada en su interacci\u00f3n con la cultura japonesa, el dise\u00f1ador realiz\u00f3 sedas de kimono y las chaquetas de cuero favoritas de su madre. Tras una sequ\u00eda en la ciudad de Santiago, decidi\u00f3 pasar de los procesos de te\u00f1ido a los de manipulaci\u00f3n textil y pintura a mano.<\/p>\n<p><strong>Livia Aguiar de Castro<\/strong><\/p>\n<p>Su colecci\u00f3n \u201cHeritage Blue\u201d est\u00e1 basada en los jeans mientras, por otra parte, incorpora patrones a cuadros, creando as\u00ed piezas \u00fanicas basadas en personalidades.<\/p>\n<p>Aguiar transforma estos jeans para crear terminaciones r\u00fasticas para el tejido manual, transformando el lazo del cintur\u00f3n en botones y reutilizando los bolsillos traseros en los nuevos dise\u00f1os. Sus jeans son de origen local.<\/p>\n<p><strong>Noticia # 3<\/strong><\/p>\n<p>El 24 Y 25 de junio llega MOLA Fashion Day a los estados unidos. La ciudad de LOS ANGELES ser\u00e1 el centro de acogida de la moda sostenible en una versi\u00f3n pop up llena de entretenimiento y dise\u00f1o latinoamericano.<\/p>\n<p><strong>MOLA fashion Day<\/strong> tiene como objetivo abrir nuevos espacios y oportunidades para el mercado sostenible latinoamericano, tambi\u00e9n busca generar espacios de conexi\u00f3n, equidad y diversidad. Con ello se busca, que MOLA fashion Day refleje la esencia del Universo MOLA para todos aquellos que nos visiten por primera vez.<\/p>\n<p>El d\u00eda 24 de junio se iniciar\u00e1 con una sesi\u00f3n enriquecedora de networking, acercamiento a la fundaci\u00f3n y a las marcas que nos acompa\u00f1ar\u00e1n.<\/p>\n<p>Por otra parte, para la agenda del 25 de junio, tendremos en la escena marcas sostenibles locales y latinoamericanas, as\u00ed como charlas sobre la industria de la moda, diversidad, inclusi\u00f3n sostenibilidad y mucha moda, tambi\u00e9n estaremos visitando la ciudad de Miami para llevar hasta el coraz\u00f3n de Latinoam\u00e9rica en los Estados Unidos la esencia MOLA el d\u00eda 28 de junio.<\/p>\n<p>Estos espacios son una oportunidad para simpatizantes de la moda sostenible, marcas, emprendedores, organizaciones o familias, compradores, estilistas, tiendas de moda y m\u00e1s.<\/p>\n<p>Los estaremos esperando a todxs con los brazos abiertos.<\/p>\n<p><strong>Noticia # 4<\/strong><\/p>\n<p>El gigante Shein, famoso por sus populares \u201chaul\u201d ha puesto en marcha una serie de movimientos para posicionarse en torno a la sostenibilidad y alejarse del concepto \u201cfast fashion\u201d al que un importante segmento del p\u00fablico tiene asociada a la marca.<\/p>\n<p>la marca apunta que tanto las piezas como los envases de poli\u00e9ster reciclado de evoluShein han sido producidos con proveedores certificados por el Global Recycled Standard (GRS)<\/p>\n<p><strong>Noticia #5 <\/strong><\/p>\n<p>Bogot\u00e1 circular se consolida con el objetivo de disminuir los residuos y la contaminaci\u00f3n textil en la ciudad, la Administraci\u00f3n de la alcaldesa Claudia L\u00f3pez, la C\u00e1mara de Comercio de Bogot\u00e1 y Fenalco. Esta estrategia de acompa\u00f1amiento t\u00e9cnico y formaci\u00f3n va dirigida a los actores de la industria textil para acelerar el desarrollo de iniciativas empresariales de circularidad.<\/p>\n<p>En conclusi\u00f3n, es muy importante resaltar los esfuerzos que buscan el camino de la sostenibilidad del mundo de la moda a nivel general y las iniciativas que tienen por alejarse del Fast Fashion marcas que han sido representativas de este fen\u00f3meno altamente contaminante. Por otro lado, es necesario evidenciar el talento latinoamericano y su impacto en las grandes entidades de la moda. Por \u00faltimo, dar a conocer iniciativas que Colombia espec\u00edficamente la ciudad de Bogot\u00e1 esta haciendo para acelerar el desarrollo de iniciativas empresariales de circularidad.<\/p>\n<\/div><\/div><\/div><\/div><\/div>","protected":false},"excerpt":{"rendered":"","protected":false},"author":7,"featured_media":12512,"parent":0,"menu_order":0,"comment_status":"closed","ping_status":"closed","template":"","meta":{"_monsterinsights_skip_tracking":false,"_monsterinsights_sitenote_active":false,"_monsterinsights_sitenote_note":"","_monsterinsights_sitenote_category":0,"footnotes":""},"class_list":["post-12509","page","type-page","status-publish","has-post-thumbnail","hentry"],"_links":{"self":[{"href":"https:\/\/universomola.com\/en\/wp-json\/wp\/v2\/pages\/12509","targetHints":{"allow":["GET"]}}],"collection":[{"href":"https:\/\/universomola.com\/en\/wp-json\/wp\/v2\/pages"}],"about":[{"href":"https:\/\/universomola.com\/en\/wp-json\/wp\/v2\/types\/page"}],"author":[{"embeddable":true,"href":"https:\/\/universomola.com\/en\/wp-json\/wp\/v2\/users\/7"}],"replies":[{"embeddable":true,"href":"https:\/\/universomola.com\/en\/wp-json\/wp\/v2\/comments?post=12509"}],"version-history":[{"count":5,"href":"https:\/\/universomola.com\/en\/wp-json\/wp\/v2\/pages\/12509\/revisions"}],"predecessor-version":[{"id":12518,"href":"https:\/\/universomola.com\/en\/wp-json\/wp\/v2\/pages\/12509\/revisions\/12518"}],"wp:featuredmedia":[{"embeddable":true,"href":"https:\/\/universomola.com\/en\/wp-json\/wp\/v2\/media\/12512"}],"wp:attachment":[{"href":"https:\/\/universomola.com\/en\/wp-json\/wp\/v2\/media?parent=12509"}],"curies":[{"name":"wp","href":"https:\/\/api.w.org\/{rel}","templated":true}]}}

<div class="fusion-fullwidth fullwidth-box fusion-builder-row-1 fusion-flex-container nonhundred-percent-fullwidth non-hundred-percent-height-scrolling" style="--awb-border-radius-top-left:0px;--awb-border-radius-top-right:0px;--awb-border-radius-bottom-right:0px;--awb-border-radius-bottom-left:0px;--awb-flex-wrap:wrap;" ><div class="fusion-builder-row fusion-row fusion-flex-align-items-flex-start fusion-flex-content-wrap" style="max-width:calc( 1200px + 0px );margin-left: calc(-0px / 2 );margin-right: calc(-0px / 2 );"><div class="fusion-layout-column fusion_builder_column fusion-builder-column-0 fusion_builder_column_1_1 1_1 fusion-flex-column" style="--awb-bg-size:cover;--awb-width-large:100%;--awb-margin-top-large:0px;--awb-spacing-right-large:0px;--awb-margin-bottom-large:0px;--awb-spacing-left-large:0px;--awb-width-medium:100%;--awb-spacing-right-medium:0px;--awb-spacing-left-medium:0px;--awb-width-small:100%;--awb-spacing-right-small:0px;--awb-spacing-left-small:0px;"><div class="fusion-column-wrapper fusion-flex-justify-content-flex-start fusion-content-layout-column"><div class="fusion-text fusion-text-1"><p>Mola News paper buscará informar de diversos temas relacionados con la sostenibilidad, incluyendo los nuevos avances tecno sostenibles que están desarrollando las grandes industrias en pro del medio ambiente.</p>
<p>El mundo de la moda esta dando pasos agigantados en el camino de la sostenibilidad y es por lo que el día de hoy hablaremos de la Met gala 2022, también hablaremos de los dos diseñadores latinoamericanos que se encuentran entre los finalistas del Redress Design Award 2022. Además, brindaremos información relacionada con nuestro evento <strong>MOLA Fashion Day</strong> pues esté ya tiene fecha y Shein busca alejarse del “Fast Fashion” con EvoluShein, una línea de ropa sostenible.</p>
<p>Por último, tenemos Bogotá circular quien nace de una iniciativa de diferentes proyectos creada para consolidar la circularidad como una herramienta de apoyo para la construcción de una ciudad más sostenible.</p>
<p><strong>Noticias # 1</strong></p>
<p>Este año las estrellas más grandes de la noche dieron ajustes y puntadas a prendas únicas con carácter e historia. El upcycling, la transformación de prendas y el uso de prendas vintage, adornaron la noche. Para conocer más detalles de este importante evento <u><b style="color: rgba(23, 102, 214, 0.87);"><a style="color: #1a3adb;" href="https://www.youtube.com/watch?v=h6I-mS_ZbA0&amp;ab_channel=UniversoMOLA">darle clic aquí.</a></b></u></p>
<p><strong>Noticia # 2</strong></p>
<p>Redress es una ONG que tiene la misión de promover la sustentabilidad ambiental en la industria de la moda mediante la reducción de los residuos textiles y promover la sostenibilidad.</p>
<p>De entre 10 de los finalistas, este año dos diseñadores latinoamericanos han tenido el honor de ser nombrados en este evento de carácter internacional. Ellos son:</p>
<p><strong>Cris Miranda</strong></p>
<p>presentó la colección “Re Collect”. La propuesta está inspirada en su interacción con la cultura japonesa, el diseñador realizó sedas de kimono y las chaquetas de cuero favoritas de su madre. Tras una sequía en la ciudad de Santiago, decidió pasar de los procesos de teñido a los de manipulación textil y pintura a mano.</p>
<p><strong>Livia Aguiar de Castro</strong></p>
<p>Su colección “Heritage Blue” está basada en los jeans mientras, por otra parte, incorpora patrones a cuadros, creando así piezas únicas basadas en personalidades.</p>
<p>Aguiar transforma estos jeans para crear terminaciones rústicas para el tejido manual, transformando el lazo del cinturón en botones y reutilizando los bolsillos traseros en los nuevos diseños. Sus jeans son de origen local.</p>
<p><strong>Noticia # 3</strong></p>
<p>El 24 Y 25 de junio llega MOLA Fashion Day a los estados unidos. La ciudad de LOS ANGELES será el centro de acogida de la moda sostenible en una versión pop up llena de entretenimiento y diseño latinoamericano.</p>
<p><strong>MOLA fashion Day</strong> tiene como objetivo abrir nuevos espacios y oportunidades para el mercado sostenible latinoamericano, también busca generar espacios de conexión, equidad y diversidad. Con ello se busca, que MOLA fashion Day refleje la esencia del Universo MOLA para todos aquellos que nos visiten por primera vez.</p>
<p>El día 24 de junio se iniciará con una sesión enriquecedora de networking, acercamiento a la fundación y a las marcas que nos acompañarán.</p>
<p>Por otra parte, para la agenda del 25 de junio, tendremos en la escena marcas sostenibles locales y latinoamericanas, así como charlas sobre la industria de la moda, diversidad, inclusión sostenibilidad y mucha moda, también estaremos visitando la ciudad de Miami para llevar hasta el corazón de Latinoamérica en los Estados Unidos la esencia MOLA el día 28 de junio.</p>
<p>Estos espacios son una oportunidad para simpatizantes de la moda sostenible, marcas, emprendedores, organizaciones o familias, compradores, estilistas, tiendas de moda y más.</p>
<p>Los estaremos esperando a todxs con los brazos abiertos.</p>
<p><strong>Noticia # 4</strong></p>
<p>El gigante Shein, famoso por sus populares “haul” ha puesto en marcha una serie de movimientos para posicionarse en torno a la sostenibilidad y alejarse del concepto “fast fashion” al que un importante segmento del público tiene asociada a la marca.</p>
<p>la marca apunta que tanto las piezas como los envases de poliéster reciclado de evoluShein han sido producidos con proveedores certificados por el Global Recycled Standard (GRS)</p>
<p><strong>Noticia #5 </strong></p>
<p>Bogotá circular se consolida con el objetivo de disminuir los residuos y la contaminación textil en la ciudad, la Administración de la alcaldesa Claudia López, la Cámara de Comercio de Bogotá y Fenalco. Esta estrategia de acompañamiento técnico y formación va dirigida a los actores de la industria textil para acelerar el desarrollo de iniciativas empresariales de circularidad.</p>
<p>En conclusión, es muy importante resaltar los esfuerzos que buscan el camino de la sostenibilidad del mundo de la moda a nivel general y las iniciativas que tienen por alejarse del Fast Fashion marcas que han sido representativas de este fenómeno altamente contaminante. Por otro lado, es necesario evidenciar el talento latinoamericano y su impacto en las grandes entidades de la moda. Por último, dar a conocer iniciativas que Colombia específicamente la ciudad de Bogotá esta haciendo para acelerar el desarrollo de iniciativas empresariales de circularidad.</p>
</div></div></div></div></div>
